--------- beginning of /dev/log/system
D/CountryDetector( 1246): The first listener is added
I/ActivityManager( 1246): Delay finish: com.android.mms/.transaction.SmsReceiver
I/ActivityManager( 1246): Resuming delayed broadcast
I/ActivityManager( 1246): Start proc com.google.android.gm for broadcast com.google.android.gm/.MailIntentReceiver: pid=9560 uid=10062 gids={50062, 3003, 1028, 1015}
I/ActivityManager( 1246): Killing 9535:com.android.mms/u0a19 (adj 11): empty #2
D/ActivityThread( 9560): com.google.android.gm black listed for hwui
D/CountryDetector( 1246): No listener is left
D/ActivityThread( 9560): Loading provider com.android.gmail.ui: com.google.android.gm.provider.GmailProvider
I/ActivityManager( 1246): Delay finish: com.google.android.gm/.MailIntentReceiver
I/ActivityManager( 1246): Resuming delayed broadcast
I/ActivityManager( 1246): Start proc com.google.android.gms for broadcast com.google.android.gms/.init.InitializeGmsReceiver: pid=9582 uid=10000 gids={50000, 3003, 1007, 1028, 1015, 1006, 2001, 3006, 3007}
I/ActivityManager( 1246): Killing 9560:com.google.android.gm/u0a62 (adj 11): empty #2
I/ActivityManager( 1246): Delay finish: com.google.android.gms/.init.InitializeGmsReceiver
I/ActivityManager( 1246): Resuming delayed broadcast
I/ActivityManager( 1246): Start proc com.android.mms for broadcast com.android.mms/.transaction.SmsReceiver: pid=9602 uid=10019 gids={50019, 3003, 1028, 1015}
I/ActivityManager( 1246): Killing 9582:com.google.android.gms/u0a0 (adj 11): empty #2
D/CountryDetector( 1246): The first listener is added
I/ActivityManager( 1246): Delay finish: com.android.mms/.transaction.SmsReceiver
I/ActivityManager( 1246): Resuming delayed broadcast
I/ActivityManager( 1246): Start proc com.google.android.gm for broadcast com.google.android.gm/.MailIntentReceiver: pid=9627 uid=10062 gids={50062, 3003, 1028, 1015}
I/ActivityManager( 1246): Killing 9602:com.android.mms/u0a19 (adj 11): empty #2
D/ActivityThread( 9627): com.google.android.gm black listed for hwui
D/CountryDetector( 1246): No listener is left
D/ActivityThread( 9627): Loading provider com.android.gmail.ui: com.google.android.gm.provider.GmailProvider
I/ActivityManager( 1246): Delay finish: com.google.android.gm/.MailIntentReceiver
I/ActivityManager( 1246): Resuming delayed broadcast
I/ActivityManager( 1246): Start proc com.google.android.gms for broadcast com.google.android.gms/.init.InitializeGmsReceiver: pid=9649 uid=10000 gids={50000, 3003, 1007, 1028, 1015, 1006, 2001, 3006, 3007}
I/ActivityManager( 1246): Killing 9627:com.google.android.gm/u0a62 (adj 11): empty #2
I/ActivityManager( 1246): Delay finish: com.google.android.gms/.init.InitializeGmsReceiver
I/ActivityManager( 1246): Resuming delayed broadcast
I/ActivityManager( 1246): Start proc com.android.mms for broadcast com.android.mms/.transaction.SmsReceiver: pid=9669 uid=10019 gids={50019, 3003, 1028, 1015}
I/ActivityManager( 1246): Killing 9649:com.google.android.gms/u0a0 (adj 11): empty #2
D/CountryDetector( 1246): The first listener is added
I/ActivityManager( 1246): Delay finish: com.android.mms/.transaction.SmsReceiver
I/ActivityManager( 1246): Resuming delayed broadcast
I/ActivityManager( 1246): Start proc com.google.android.gm for broadcast com.google.android.gm/.MailIntentReceiver: pid=9694 uid=10062 gids={50062, 3003, 1028, 1015}
I/ActivityManager( 1246): Killing 9669:com.android.mms/u0a19 (adj 11): empty #2
D/CountryDetector( 1246): No listener is left
D/ActivityThread( 9694): com.google.android.gm black listed for hwui
D/ActivityThread( 9694): Loading provider com.android.gmail.ui: com.google.android.gm.provider.GmailProvider
I/ActivityManager( 1246): Delay finish: com.google.android.gm/.MailIntentReceiver
I/ActivityManager( 1246): Resuming delayed broadcast
I/ActivityManager( 1246): Start proc com.google.android.gms for broadcast com.google.android.gms/.init.InitializeGmsReceiver: pid=9716 uid=10000 gids={50000, 3003, 1007, 1028, 1015, 1006, 2001, 3006, 3007}
I/ActivityManager( 1246): Killing 9694:com.google.android.gm/u0a62 (adj 11): empty #2
I/ActivityManager( 1246): Delay finish: com.google.android.gms/.init.InitializeGmsReceiver
I/ActivityManager( 1246): Resuming delayed broadcast
I/ActivityManager( 1246): Start proc com.android.mms for broadcast com.android.mms/.transaction.SmsReceiver: pid=9736 uid=10019 gids={50019, 3003, 1028, 1015}
I/ActivityManager( 1246): Killing 9716:com.google.android.gms/u0a0 (adj 11): empty #2
D/CountryDetector( 1246): The first listener is added
I/ActivityManager( 1246): Delay finish: com.android.mms/.transaction.SmsReceiver
I/ActivityManager( 1246): Resuming delayed broadcast
I/ActivityManager( 1246): Start proc com.google.android.gm for broadcast com.google.android.gm/.MailIntentReceiver: pid=9761 uid=10062 gids={50062, 3003, 1028, 1015}
I/ActivityManager( 1246): Killing 9736:com.android.mms/u0a19 (adj 11): empty #2
D/ActivityThread( 9761): com.google.android.gm black listed for hwui
D/CountryDetector( 1246): No listener is left
D/ActivityThread( 9761): Loading provider com.android.gmail.ui: com.google.android.gm.provider.GmailProvider
I/ActivityManager( 1246): Delay finish: com.google.android.gm/.MailIntentReceiver
I/ActivityManager( 1246): Resuming delayed broadcast
I/ActivityManager( 1246): Start proc com.google.android.gms for broadcast com.google.android.gms/.init.InitializeGmsReceiver: pid=9783 uid=10000 gids={50000, 3003, 1007, 1028, 1015, 1006, 2001, 3006, 3007}
I/ActivityManager( 1246): Killing 9761:com.google.android.gm/u0a62 (adj 11): empty #2
I/ActivityManager( 1246): Delay finish: com.google.android.gms/.init.InitializeGmsReceiver
I/ActivityManager( 1246): Resuming delayed broadcast
I/ActivityManager( 1246): Start proc com.android.mms for broadcast com.android.mms/.transaction.SmsReceiver: pid=9803 uid=10019 gids={50019, 3003, 1028, 1015}
I/ActivityManager( 1246): Killing 9783:com.google.android.gms/u0a0 (adj 11): empty #2
D/CountryDetector( 1246): The first listener is added
I/ActivityManager( 1246): Delay finish: com.android.mms/.transaction.SmsReceiver
I/ActivityManager( 1246): Resuming delayed broadcast
I/ActivityManager( 1246): Start proc com.google.android.gm for broadcast com.google.android.gm/.MailIntentReceiver: pid=9829 uid=10062 gids={50062, 3003, 1028, 1015}
I/ActivityManager( 1246): Killing 9803:com.android.mms/u0a19 (adj 11): empty #2
D/CountryDetector( 1246): No listener is left
D/ActivityThread( 9829): com.google.android.gm black listed for hwui
D/ActivityThread( 9829): Loading provider com.android.gmail.ui: com.google.android.gm.provider.GmailProvider
I/ActivityManager( 1246): Delay finish: com.google.android.gm/.MailIntentReceiver
I/ActivityManager( 1246): Resuming delayed broadcast
I/ActivityManager( 1246): Killing 9829:com.google.android.gm/u0a62 (adj 11): empty #2
I/ActivityManager( 1246): Start proc com.google.android.gms for broadcast com.google.android.gms/.init.InitializeGmsReceiver: pid=9854 uid=10000 gids={50000, 3003, 1007, 1028, 1015, 1006, 2001, 3006, 3007}
I/ActivityManager( 1246): Delay finish: com.google.android.gms/.init.InitializeGmsReceiver
I/ActivityManager( 1246): Resuming delayed broadcast
I/ActivityManager( 1246): Start proc com.android.mms for broadcast com.android.mms/.transaction.SmsReceiver: pid=9874 uid=10019 gids={50019, 3003, 1028, 1015}
I/ActivityManager( 1246): Killing 9854:com.google.android.gms/u0a0 (adj 11): empty #2
D/CountryDetector( 1246): The first listener is added
I/ActivityManager( 1246): Delay finish: com.android.mms/.transaction.SmsReceiver
I/ActivityManager( 1246): Resuming delayed broadcast
I/ActivityManager( 1246): Start proc com.google.android.gm for broadcast com.google.android.gm/.MailIntentReceiver: pid=9899 uid=10062 gids={50062, 3003, 1028, 1015}
I/ActivityManager( 1246): Killing 9874:com.android.mms/u0a19 (adj 11): empty #2
D/CountryDetector( 1246): No listener is left
D/ActivityThread( 9899): com.google.android.gm black listed for hwui
D/ActivityThread( 9899): Loading provider com.android.gmail.ui: com.google.android.gm.provider.GmailProvider
I/ActivityManager( 1246): Delay finish: com.google.android.gm/.MailIntentReceiver
I/ActivityManager( 1246): Resuming delayed broadcast
I/ActivityManager( 1246): Start proc com.google.android.gms for broadcast com.google.android.gms/.init.InitializeGmsReceiver: pid=9921 uid=10000 gids={50000, 3003, 1007, 1028, 1015, 1006, 2001, 3006, 3007}
I/ActivityManager( 1246): Killing 9899:com.google.android.gm/u0a62 (adj 11): empty #2
I/ActivityManager( 1246): Delay finish: com.google.android.gms/.init.InitializeGmsReceiver
I/ActivityManager( 1246): Resuming delayed broadcast
I/ActivityManager( 1246): Start proc com.android.mms for broadcast com.android.mms/.transaction.SmsReceiver: pid=9941 uid=10019 gids={50019, 3003, 1028, 1015}
I/ActivityManager( 1246): Killing 9921:com.google.android.gms/u0a0 (adj 11): empty #2
D/CountryDetector( 1246): The first listener is added
I/ActivityManager( 1246): Delay finish: com.android.mms/.transaction.SmsReceiver
I/ActivityManager( 1246): Resuming delayed broadcast
I/ActivityManager( 1246): Start proc com.google.android.gm for broadcast com.google.android.gm/.MailIntentReceiver: pid=9966 uid=10062 gids={50062, 3003, 1028, 1015}
I/ActivityManager( 1246): Killing 9941:com.android.mms/u0a19 (adj 11): empty #2
D/ActivityThread( 9966): com.google.android.gm black listed for hwui
D/CountryDetector( 1246): No listener is left
D/ActivityThread( 9966): Loading provider com.android.gmail.ui: com.google.android.gm.provider.GmailProvider
I/ActivityManager( 1246): Delay finish: com.google.android.gm/.MailIntentReceiver
I/ActivityManager( 1246): Resuming delayed broadcast
I/ActivityManager( 1246): Start proc com.google.android.gms for broadcast com.google.android.gms/.init.InitializeGmsReceiver: pid=9988 uid=10000 gids={50000, 3003, 1007, 1028, 1015, 1006, 2001, 3006, 3007}
I/ActivityManager( 1246): Killing 9966:com.google.android.gm/u0a62 (adj 11): empty #2
I/ActivityManager( 1246): Delay finish: com.google.android.gms/.init.InitializeGmsReceiver
I/ActivityManager( 1246): Resuming delayed broadcast
I/ActivityManager( 1246): Start proc com.android.mms for broadcast com.android.mms/.transaction.SmsReceiver: pid=10008 uid=10019 gids={50019, 3003, 1028, 1015}
I/ActivityManager( 1246): Killing 9988:com.google.android.gms/u0a0 (adj 11): empty #2
D/CountryDetector( 1246): The first listener is added
I/ActivityManager( 1246): Delay finish: com.android.mms/.transaction.SmsReceiver
I/ActivityManager( 1246): Resuming delayed broadcast
I/ActivityManager( 1246): Start proc com.google.android.gm for broadcast com.google.android.gm/.MailIntentReceiver: pid=10033 uid=10062 gids={50062, 3003, 1028, 1015}
I/ActivityManager( 1246): Killing 10008:com.android.mms/u0a19 (adj 11): empty #2
D/CountryDetector( 1246): No listener is left
D/ActivityThread(10033): com.google.android.gm black listed for hwui
D/ActivityThread(10033): Loading provider com.android.gmail.ui: com.google.android.gm.provider.GmailProvider
I/ActivityManager( 1246): Delay finish: com.google.android.gm/.MailIntentReceiver
I/ActivityManager( 1246): Resuming delayed broadcast
I/ActivityManager( 1246): Start proc com.google.android.gms for broadcast com.google.android.gms/.init.InitializeGmsReceiver: pid=10055 uid=10000 gids={50000, 3003, 1007, 1028, 1015, 1006, 2001, 3006, 3007}
I/ActivityManager( 1246): Killing 10033:com.google.android.gm/u0a62 (adj 11): empty #2
I/ActivityManager( 1246): Delay finish: com.google.android.gms/.init.InitializeGmsReceiver
I/ActivityManager( 1246): Resuming delayed broadcast
I/ActivityManager( 1246): Start proc com.android.mms for broadcast com.android.mms/.transaction.SmsReceiver: pid=10075 uid=10019 gids={50019, 3003, 1028, 1015}
I/ActivityManager( 1246): Killing 10055:com.google.android.gms/u0a0 (adj 11): empty #2
D/CountryDetector( 1246): The first listener is added
I/ActivityManager( 1246): Delay finish: com.android.mms/.transaction.SmsReceiver
I/ActivityManager( 1246): Resuming delayed broadcast
I/ActivityManager( 1246): Start proc com.google.android.gm for broadcast com.google.android.gm/.MailIntentReceiver: pid=10100 uid=10062 gids={50062, 3003, 1028, 1015}
I/ActivityManager( 1246): Killing 10075:com.android.mms/u0a19 (adj 11): empty #2
D/CountryDetector( 1246): No listener is left
D/ActivityThread(10100): com.google.android.gm black listed for hwui
D/ActivityThread(10100): Loading provider com.android.gmail.ui: com.google.android.gm.provider.GmailProvider
I/ActivityManager( 1246): Delay finish: com.google.android.gm/.MailIntentReceiver
I/ActivityManager( 1246): Resuming delayed broadcast
I/ActivityManager( 1246): Start proc com.google.android.gms for broadcast com.google.android.gms/.init.InitializeGmsReceiver: pid=10122 uid=10000 gids={50000, 3003, 1007, 1028, 1015, 1006, 2001, 3006, 3007}
I/ActivityManager( 1246): Killing 10100:com.google.android.gm/u0a62 (adj 11): empty #2
I/ActivityManager( 1246): Delay finish: com.google.android.gms/.init.InitializeGmsReceiver
I/ActivityManager( 1246): Resuming delayed broadcast
I/ActivityManager( 1246): Start proc com.android.mms for broadcast com.android.mms/.transaction.SmsReceiver: pid=10142 uid=10019 gids={50019, 3003, 1028, 1015}
I/ActivityManager( 1246): Killing 10122:com.google.android.gms/u0a0 (adj 11): empty #2
D/CountryDetector( 1246): The first listener is added
I/ActivityManager( 1246): Delay finish: com.android.mms/.transaction.SmsReceiver
I/ActivityManager( 1246): Resuming delayed broadcast
I/ActivityManager( 1246): Start proc com.google.android.gm for broadcast com.google.android.gm/.MailIntentReceiver: pid=10167 uid=10062 gids={50062, 3003, 1028, 1015}
I/ActivityManager( 1246): Killing 10142:com.android.mms/u0a19 (adj 11): empty #2
D/CountryDetector( 1246): No listener is left
D/ActivityThread(10167): com.google.android.gm black listed for hwui
D/ActivityThread(10167): Loading provider com.android.gmail.ui: com.google.android.gm.provider.GmailProvider
I/ActivityManager( 1246): Delay finish: com.google.android.gm/.MailIntentReceiver
I/ActivityManager( 1246): Resuming delayed broadcast
I/ActivityManager( 1246): Start proc com.google.android.gms for broadcast com.google.android.gms/.init.InitializeGmsReceiver: pid=10189 uid=10000 gids={50000, 3003, 1007, 1028, 1015, 1006, 2001, 3006, 3007}
I/ActivityManager( 1246): Killing 10167:com.google.android.gm/u0a62 (adj 11): empty #2
I/ActivityManager( 1246): Delay finish: com.google.android.gms/.init.InitializeGmsReceiver
I/ActivityManager( 1246): Resuming delayed broadcast
I/ActivityManager( 1246): Start proc com.android.mms for broadcast com.android.mms/.transaction.SmsReceiver: pid=10210 uid=10019 gids={50019, 3003, 1028, 1015}
I/ActivityManager( 1246): Killing 10189:com.google.android.gms/u0a0 (adj 11): empty #2
D/CountryDetector( 1246): The first listener is added
I/ActivityManager( 1246): Delay finish: com.android.mms/.transaction.SmsReceiver
I/ActivityManager( 1246): Resuming delayed broadcast
I/ActivityManager( 1246): Start proc com.google.android.gm for broadcast com.google.android.gm/.MailIntentReceiver: pid=10236 uid=10062 gids={50062, 3003, 1028, 1015}
I/ActivityManager( 1246): Killing 10210:com.android.mms/u0a19 (adj 11): empty #2
D/ActivityThread(10236): com.google.android.gm black listed for hwui
D/CountryDetector( 1246): No listener is left
D/ActivityThread(10236): Loading provider com.android.gmail.ui: com.google.android.gm.provider.GmailProvider
I/ActivityManager( 1246): Delay finish: com.google.android.gm/.MailIntentReceiver
I/ActivityManager( 1246): Resuming delayed broadcast
I/ActivityManager( 1246): Start proc com.google.android.gms for broadcast com.google.android.gms/.init.InitializeGmsReceiver: pid=10258 uid=10000 gids={50000, 3003, 1007, 1028, 1015, 1006, 2001, 3006, 3007}
I/ActivityManager( 1246): Killing 10236:com.google.android.gm/u0a62 (adj 11): empty #2
I/ActivityManager( 1246): Delay finish: com.google.android.gms/.init.InitializeGmsReceiver
I/ActivityManager( 1246): Resuming delayed broadcast
I/ActivityManager( 1246): Start proc com.android.mms for broadcast com.android.mms/.transaction.SmsReceiver: pid=10278 uid=10019 gids={50019, 3003, 1028, 1015}
I/ActivityManager( 1246): Killing 10258:com.google.android.gms/u0a0 (adj 11): empty #2
D/CountryDetector( 1246): The first listener is added
I/ActivityManager( 1246): Delay finish: com.android.mms/.transaction.SmsReceiver
I/ActivityManager( 1246): Resuming delayed broadcast
I/ActivityManager( 1246): Start proc com.google.android.gm for broadcast com.google.android.gm/.MailIntentReceiver: pid=10303 uid=10062 gids={50062, 3003, 1028, 1015}
I/ActivityManager( 1246): Killing 10278:com.android.mms/u0a19 (adj 11): empty #2
D/ActivityThread(10303): com.google.android.gm black listed for hwui
D/CountryDetector( 1246): No listener is left
D/ActivityThread(10303): Loading provider com.android.gmail.ui: com.google.android.gm.provider.GmailProvider
I/ActivityManager( 1246): Delay finish: com.google.android.gm/.MailIntentReceiver
I/ActivityManager( 1246): Resuming delayed broadcast
I/ActivityManager( 1246): Start proc com.google.android.gms for broadcast com.google.android.gms/.init.InitializeGmsReceiver: pid=10325 uid=10000 gids={50000, 3003, 1007, 1028, 1015, 1006, 2001, 3006, 3007}
I/ActivityManager( 1246): Killing 10303:com.google.android.gm/u0a62 (adj 11): empty #2
I/ActivityManager( 1246): Delay finish: com.google.android.gms/.init.InitializeGmsReceiver
I/ActivityManager( 1246): Resuming delayed broadcast
I/ActivityManager( 1246): Start proc com.android.mms for broadcast com.android.mms/.transaction.SmsReceiver: pid=10345 uid=10019 gids={50019, 3003, 1028, 1015}
I/ActivityManager( 1246): Killing 10325:com.google.android.gms/u0a0 (adj 11): empty #2
D/CountryDetector( 1246): The first listener is added
I/ActivityManager( 1246): Delay finish: com.android.mms/.transaction.SmsReceiver
I/ActivityManager( 1246): Resuming delayed broadcast
I/ActivityManager( 1246): Start proc com.google.android.gm for broadcast com.google.android.gm/.MailIntentReceiver: pid=10370 uid=10062 gids={50062, 3003, 1028, 1015}
I/ActivityManager( 1246): Killing 10345:com.android.mms/u0a19 (adj 11): empty #2
D/CountryDetector( 1246): No listener is left
D/ActivityThread(10370): com.google.android.gm black listed for hwui
D/ActivityThread(10370): Loading provider com.android.gmail.ui: com.google.android.gm.provider.GmailProvider
I/ActivityManager( 1246): Delay finish: com.google.android.gm/.MailIntentReceiver
I/ActivityManager( 1246): Resuming delayed broadcast
I/ActivityManager( 1246): Start proc com.google.android.gms for broadcast com.google.android.gms/.init.InitializeGmsReceiver: pid=10392 uid=10000 gids={50000, 3003, 1007, 1028, 1015, 1006, 2001, 3006, 3007}
I/ActivityManager( 1246): Killing 10370:com.google.android.gm/u0a62 (adj 11): empty #2
I/ActivityManager( 1246): Delay finish: com.google.android.gms/.init.InitializeGmsReceiver
I/ActivityManager( 1246): Resuming delayed broadcast
I/ActivityManager( 1246): Start proc com.android.mms for broadcast com.android.mms/.transaction.SmsReceiver: pid=10412 uid=10019 gids={50019, 3003, 1028, 1015}
I/ActivityManager( 1246): Killing 10392:com.google.android.gms/u0a0 (adj 11): empty #2
D/CountryDetector( 1246): The first listener is added
I/ActivityManager( 1246): Delay finish: com.android.mms/.transaction.SmsReceiver
I/ActivityManager( 1246): Resuming delayed broadcast
I/ActivityManager( 1246): Start proc com.google.android.gm for broadcast com.google.android.gm/.MailIntentReceiver: pid=10437 uid=10062 gids={50062, 3003, 1028, 1015}
I/ActivityManager( 1246): Killing 10412:com.android.mms/u0a19 (adj 11): empty #2
D/CountryDetector( 1246): No listener is left
D/ActivityThread(10437): com.google.android.gm black listed for hwui
D/ActivityThread(10437): Loading provider com.android.gmail.ui: com.google.android.gm.provider.GmailProvider
I/ActivityManager( 1246): Delay finish: com.google.android.gm/.MailIntentReceiver
I/ActivityManager( 1246): Resuming delayed broadcast
I/ActivityManager( 1246): Start proc com.google.android.gms for broadcast com.google.android.gms/.init.InitializeGmsReceiver: pid=10459 uid=10000 gids={50000, 3003, 1007, 1028, 1015, 1006, 2001, 3006, 3007}
I/ActivityManager( 1246): Killing 10437:com.google.android.gm/u0a62 (adj 11): empty #2
I/ActivityManager( 1246): Delay finish: com.google.android.gms/.init.InitializeGmsReceiver
I/ActivityManager( 1246): Resuming delayed broadcast
I/ActivityManager( 1246): Start proc com.android.mms for broadcast com.android.mms/.transaction.SmsReceiver: pid=10479 uid=10019 gids={50019, 3003, 1028, 1015}
I/ActivityManager( 1246): Killing 10459:com.google.android.gms/u0a0 (adj 11): empty #2
D/CountryDetector( 1246): The first listener is added
I/ActivityManager( 1246): Delay finish: com.android.mms/.transaction.SmsReceiver
I/ActivityManager( 1246): Resuming delayed broadcast
I/ActivityManager( 1246): Start proc com.google.android.gm for broadcast com.google.android.gm/.MailIntentReceiver: pid=10504 uid=10062 gids={50062, 3003, 1028, 1015}
I/ActivityManager( 1246): Killing 10479:com.android.mms/u0a19 (adj 11): empty #2
D/ActivityThread(10504): com.google.android.gm black listed for hwui
D/CountryDetector( 1246): No listener is left
D/ActivityThread(10504): Loading provider com.android.gmail.ui: com.google.android.gm.provider.GmailProvider
I/ActivityManager( 1246): Delay finish: com.google.android.gm/.MailIntentReceiver
I/ActivityManager( 1246): Resuming delayed broadcast
I/ActivityManager( 1246): Start proc com.google.android.gms for broadcast com.google.android.gms/.init.InitializeGmsReceiver: pid=10526 uid=10000 gids={50000, 3003, 1007, 1028, 1015, 1006, 2001, 3006, 3007}
I/ActivityManager( 1246): Killing 10504:com.google.android.gm/u0a62 (adj 11): empty #2
I/ActivityManager( 1246): Delay finish: com.google.android.gms/.init.InitializeGmsReceiver
I/ActivityManager( 1246): Resuming delayed broadcast
I/ActivityManager( 1246): Start proc com.android.mms for broadcast com.android.mms/.transaction.SmsReceiver: pid=10546 uid=10019 gids={50019, 3003, 1028, 1015}
I/ActivityManager( 1246): Killing 10526:com.google.android.gms/u0a0 (adj 11): empty #2
D/CountryDetector( 1246): The first listener is added
I/ActivityManager( 1246): Delay finish: com.android.mms/.transaction.SmsReceiver
I/ActivityManager( 1246): Resuming delayed broadcast
I/ActivityManager( 1246): Start proc com.google.android.gm for broadcast com.google.android.gm/.MailIntentReceiver: pid=10572 uid=10062 gids={50062, 3003, 1028, 1015}
I/ActivityManager( 1246): Killing 10546:com.android.mms/u0a19 (adj 11): empty #2
D/ActivityThread(10572): com.google.android.gm black listed for hwui
D/CountryDetector( 1246): No listener is left
D/ActivityThread(10572): Loading provider com.android.gmail.ui: com.google.android.gm.provider.GmailProvider
I/ActivityManager( 1246): Delay finish: com.google.android.gm/.MailIntentReceiver
I/ActivityManager( 1246): Resuming delayed broadcast
I/ActivityManager( 1246): Start proc com.google.android.gms for broadcast com.google.android.gms/.init.InitializeGmsReceiver: pid=10595 uid=10000 gids={50000, 3003, 1007, 1028, 1015, 1006, 2001, 3006, 3007}
I/ActivityManager( 1246): Killing 10572:com.google.android.gm/u0a62 (adj 11): empty #2
I/ActivityManager( 1246): Delay finish: com.google.android.gms/.init.InitializeGmsReceiver
I/ActivityManager( 1246): Resuming delayed broadcast
I/ActivityManager( 1246): Start proc com.android.mms for broadcast com.android.mms/.transaction.SmsReceiver: pid=10615 uid=10019 gids={50019, 3003, 1028, 1015}
I/ActivityManager( 1246): Killing 10595:com.google.android.gms/u0a0 (adj 11): empty #2
D/CountryDetector( 1246): The first listener is added
I/ActivityManager( 1246): Delay finish: com.android.mms/.transaction.SmsReceiver
I/ActivityManager( 1246): Resuming delayed broadcast
I/ActivityManager( 1246): Start proc com.google.android.gm for broadcast com.google.android.gm/.MailIntentReceiver: pid=10640 uid=10062 gids={50062, 3003, 1028, 1015}
I/ActivityManager( 1246): Killing 10615:com.android.mms/u0a19 (adj 11): empty #2
D/ActivityThread(10640): com.google.android.gm black listed for hwui
D/CountryDetector( 1246): No listener is left
D/ActivityThread(10640): Loading provider com.android.gmail.ui: com.google.android.gm.provider.GmailProvider
I/ActivityManager( 1246): Delay finish: com.google.android.gm/.MailIntentReceiver
I/ActivityManager( 1246): Resuming delayed broadcast
I/ActivityManager( 1246): Start proc com.google.android.gms for broadcast com.google.android.gms/.init.InitializeGmsReceiver: pid=10664 uid=10000 gids={50000, 3003, 1007, 1028, 1015, 1006, 2001, 3006, 3007}
I/ActivityManager( 1246): Killing 10640:com.google.android.gm/u0a62 (adj 11): empty #2
I/ActivityManager( 1246): Delay finish: com.google.android.gms/.init.InitializeGmsReceiver
I/ActivityManager( 1246): Resuming delayed broadcast
I/ActivityManager( 1246): Start proc com.android.mms for broadcast com.android.mms/.transaction.SmsReceiver: pid=10684 uid=10019 gids={50019, 3003, 1028, 1015}
I/ActivityManager( 1246): Killing 10664:com.google.android.gms/u0a0 (adj 11): empty #2
D/CountryDetector( 1246): The first listener is added
I/ActivityManager( 1246): Delay finish: com.android.mms/.transaction.SmsReceiver
I/ActivityManager( 1246): Resuming delayed broadcast
I/ActivityManager( 1246): Start proc com.google.android.gm for broadcast com.google.android.gm/.MailIntentReceiver: pid=10710 uid=10062 gids={50062, 3003, 1028, 1015}
I/ActivityManager( 1246): Killing 10684:com.android.mms/u0a19 (adj 11): empty #2
D/ActivityThread(10710): com.google.android.gm black listed for hwui
D/CountryDetector( 1246): No listener is left
D/ActivityThread(10710): Loading provider com.android.gmail.ui: com.google.android.gm.provider.GmailProvider
I/ActivityManager( 1246): Delay finish: com.google.android.gm/.MailIntentReceiver
I/ActivityManager( 1246): Resuming delayed broadcast
I/ActivityManager( 1246): Start proc com.google.android.gms for broadcast com.google.android.gms/.init.InitializeGmsReceiver: pid=10732 uid=10000 gids={50000, 3003, 1007, 1028, 1015, 1006, 2001, 3006, 3007}
I/ActivityManager( 1246): Killing 10710:com.google.android.gm/u0a62 (adj 11): empty #2
I/ActivityManager( 1246): Delay finish: com.google.android.gms/.init.InitializeGmsReceiver
I/ActivityManager( 1246): Resuming delayed broadcast
I/ActivityManager( 1246): Start proc com.android.mms for broadcast com.android.mms/.transaction.SmsReceiver: pid=10752 uid=10019 gids={50019, 3003, 1028, 1015}
I/ActivityManager( 1246): Killing 10732:com.google.android.gms/u0a0 (adj 11): empty #2
D/CountryDetector( 1246): The first listener is added
I/ActivityManager( 1246): Delay finish: com.android.mms/.transaction.SmsReceiver
I/ActivityManager( 1246): Resuming delayed broadcast
I/ActivityManager( 1246): Start proc com.google.android.gm for broadcast com.google.android.gm/.MailIntentReceiver: pid=10777 uid=10062 gids={50062, 3003, 1028, 1015}
I/ActivityManager( 1246): Killing 10752:com.android.mms/u0a19 (adj 11): empty #2
D/ActivityThread(10777): com.google.android.gm black listed for hwui
D/CountryDetector( 1246): No listener is left
D/ActivityThread(10777): Loading provider com.android.gmail.ui: com.google.android.gm.provider.GmailProvider
I/ActivityManager( 1246): Delay finish: com.google.android.gm/.MailIntentReceiver
I/ActivityManager( 1246): Resuming delayed broadcast
I/ActivityManager( 1246): Start proc com.google.android.gms for broadcast com.google.android.gms/.init.InitializeGmsReceiver: pid=10799 uid=10000 gids={50000, 3003, 1007, 1028, 1015, 1006, 2001, 3006, 3007}
I/ActivityManager( 1246): Killing 10777:com.google.android.gm/u0a62 (adj 11): empty #2
I/ActivityManager( 1246): Delay finish: com.google.android.gms/.init.InitializeGmsReceiver
I/ActivityManager( 1246): Resuming delayed broadcast
I/ActivityManager( 1246): Start proc com.android.mms for broadcast com.android.mms/.transaction.SmsReceiver: pid=10819 uid=10019 gids={50019, 3003, 1028, 1015}
I/ActivityManager( 1246): Killing 10799:com.google.android.gms/u0a0 (adj 11): empty #2
D/CountryDetector( 1246): The first listener is added
I/ActivityManager( 1246): Delay finish: com.android.mms/.transaction.SmsReceiver
I/ActivityManager( 1246): Resuming delayed broadcast
I/ActivityManager( 1246): Start proc com.google.android.gm for broadcast com.google.android.gm/.MailIntentReceiver: pid=10844 uid=10062 gids={50062, 3003, 1028, 1015}
I/ActivityManager( 1246): Killing 10819:com.android.mms/u0a19 (adj 11): empty #2
D/ActivityThread(10844): com.google.android.gm black listed for hwui
D/CountryDetector( 1246): No listener is left
D/ActivityThread(10844): Loading provider com.android.gmail.ui: com.google.android.gm.provider.GmailProvider
I/ActivityManager( 1246): Delay finish: com.google.android.gm/.MailIntentReceiver
I/ActivityManager( 1246): Resuming delayed broadcast
I/ActivityManager( 1246): Start proc com.google.android.gms for broadcast com.google.android.gms/.init.InitializeGmsReceiver: pid=10866 uid=10000 gids={50000, 3003, 1007, 1028, 1015, 1006, 2001, 3006, 3007}
I/ActivityManager( 1246): Killing 10844:com.google.android.gm/u0a62 (adj 11): empty #2
I/ActivityManager( 1246): Delay finish: com.google.android.gms/.init.InitializeGmsReceiver
I/ActivityManager( 1246): Resuming delayed broadcast
I/ActivityManager( 1246): Start proc com.android.mms for broadcast com.android.mms/.transaction.SmsReceiver: pid=10886 uid=10019 gids={50019, 3003, 1028, 1015}
I/ActivityManager( 1246): Killing 10866:com.google.android.gms/u0a0 (adj 11): empty #2
D/CountryDetector( 1246): The first listener is added
I/ActivityManager( 1246): Delay finish: com.android.mms/.transaction.SmsReceiver
I/ActivityManager( 1246): Resuming delayed broadcast
I/ActivityManager( 1246): Start proc com.google.android.gm for broadcast com.google.android.gm/.MailIntentReceiver: pid=10911 uid=10062 gids={50062, 3003, 1028, 1015}
I/ActivityManager( 1246): Killing 10886:com.android.mms/u0a19 (adj 11): empty #2
D/CountryDetector( 1246): No listener is left
D/ActivityThread(10911): com.google.android.gm black listed for hwui
D/ActivityThread(10911): Loading provider com.android.gmail.ui: com.google.android.gm.provider.GmailProvider
I/ActivityManager( 1246): Delay finish: com.google.android.gm/.MailIntentReceiver
I/ActivityManager( 1246): Resuming delayed broadcast
I/ActivityManager( 1246): Start proc com.google.android.gms for broadcast com.google.android.gms/.init.InitializeGmsReceiver: pid=10933 uid=10000 gids={50000, 3003, 1007, 1028, 1015, 1006, 2001, 3006, 3007}
I/ActivityManager( 1246): Killing 10911:com.google.android.gm/u0a62 (adj 11): empty #2
I/ActivityManager( 1246): Delay finish: com.google.android.gms/.init.InitializeGmsReceiver
I/ActivityManager( 1246): Resuming delayed broadcast
I/ActivityManager( 1246): Start proc com.android.mms for broadcast com.android.mms/.transaction.SmsReceiver: pid=10953 uid=10019 gids={50019, 3003, 1028, 1015}
I/ActivityManager( 1246): Killing 10933:com.google.android.gms/u0a0 (adj 11): empty #2
D/CountryDetector( 1246): The first listener is added
I/ActivityManager( 1246): Delay finish: com.android.mms/.transaction.SmsReceiver
I/ActivityManager( 1246): Resuming delayed broadcast
I/ActivityManager( 1246): Start proc com.google.android.gm for broadcast com.google.android.gm/.MailIntentReceiver: pid=10978 uid=10062 gids={50062, 3003, 1028, 1015}
I/ActivityManager( 1246): Killing 10953:com.android.mms/u0a19 (adj 11): empty #2
D/ActivityThread(10978): com.google.android.gm black listed for hwui
D/CountryDetector( 1246): No listener is left
D/ActivityThread(10978): Loading provider com.android.gmail.ui: com.google.android.gm.provider.GmailProvider
I/ActivityManager( 1246): Delay finish: com.google.android.gm/.MailIntentReceiver
I/ActivityManager( 1246): Resuming delayed broadcast
I/ActivityManager( 1246): Start proc com.google.android.gms for broadcast com.google.android.gms/.init.InitializeGmsReceiver: pid=11000 uid=10000 gids={50000, 3003, 1007, 1028, 1015, 1006, 2001, 3006, 3007}
I/ActivityManager( 1246): Killing 10978:com.google.android.gm/u0a62 (adj 11): empty #2
I/ActivityManager( 1246): Delay finish: com.google.android.gms/.init.InitializeGmsReceiver
I/ActivityManager( 1246): Resuming delayed broadcast
I/ActivityManager( 1246): Start proc com.android.mms for broadcast com.android.mms/.transaction.SmsReceiver: pid=11020 uid=10019 gids={50019, 3003, 1028, 1015}
I/ActivityManager( 1246): Killing 11000:com.google.android.gms/u0a0 (adj 11): empty #2
D/CountryDetector( 1246): The first listener is added
I/ActivityManager( 1246): Delay finish: com.android.mms/.transaction.SmsReceiver
I/ActivityManager( 1246): Resuming delayed broadcast
I/ActivityManager( 1246): Start proc com.google.android.gm for broadcast com.google.android.gm/.MailIntentReceiver: pid=11045 uid=10062 gids={50062, 3003, 1028, 1015}
I/ActivityManager( 1246): Killing 11020:com.android.mms/u0a19 (adj 11): empty #2
D/CountryDetector( 1246): No listener is left
D/ActivityThread(11045): com.google.android.gm black listed for hwui
D/ActivityThread(11045): Loading provider com.android.gmail.ui: com.google.android.gm.provider.GmailProvider
I/ActivityManager( 1246): Delay finish: com.google.android.gm/.MailIntentReceiver
I/ActivityManager( 1246): Resuming delayed broadcast
I/ActivityManager( 1246): Start proc com.google.android.gms for broadcast com.google.android.gms/.init.InitializeGmsReceiver: pid=11067 uid=10000 gids={50000, 3003, 1007, 1028, 1015, 1006, 2001, 3006, 3007}
I/ActivityManager( 1246): Killing 11045:com.google.android.gm/u0a62 (adj 11): empty #2
I/ActivityManager( 1246): Delay finish: com.google.android.gms/.init.InitializeGmsReceiver
I/ActivityManager( 1246): Resuming delayed broadcast
I/ActivityManager( 1246): Start proc com.android.mms for broadcast com.android.mms/.transaction.SmsReceiver: pid=11087 uid=10019 gids={50019, 3003, 1028, 1015}
I/ActivityManager( 1246): Killing 11067:com.google.android.gms/u0a0 (adj 11): empty #2
D/CountryDetector( 1246): The first listener is added
I/ActivityManager( 1246): Delay finish: com.android.mms/.transaction.SmsReceiver
I/ActivityManager( 1246): Resuming delayed broadcast
I/ActivityManager( 1246): Start proc com.google.android.gm for broadcast com.google.android.gm/.MailIntentReceiver: pid=11112 uid=10062 gids={50062, 3003, 1028, 1015}
I/ActivityManager( 1246): Killing 11087:com.android.mms/u0a19 (adj 11): empty #2
D/ActivityThread(11112): com.google.android.gm black listed for hwui
D/CountryDetector( 1246): No listener is left
D/ActivityThread(11112): Loading provider com.android.gmail.ui: com.google.android.gm.provider.GmailProvider
I/ActivityManager( 1246): Delay finish: com.google.android.gm/.MailIntentReceiver
I/ActivityManager( 1246): Resuming delayed broadcast
I/ActivityManager( 1246): Start proc com.google.android.gms for broadcast com.google.android.gms/.init.InitializeGmsReceiver: pid=11134 uid=10000 gids={50000, 3003, 1007, 1028, 1015, 1006, 2001, 3006, 3007}
I/ActivityManager( 1246): Killing 11112:com.google.android.gm/u0a62 (adj 11): empty #2
I/ActivityManager( 1246): Delay finish: com.google.android.gms/.init.InitializeGmsReceiver
I/ActivityManager( 1246): Resuming delayed broadcast
I/ActivityManager( 1246): Start proc com.android.mms for broadcast com.android.mms/.transaction.SmsReceiver: pid=11154 uid=10019 gids={50019, 3003, 1028, 1015}
I/ActivityManager( 1246): Killing 11134:com.google.android.gms/u0a0 (adj 11): empty #2
D/CountryDetector( 1246): The first listener is added
I/ActivityManager( 1246): Delay finish: com.android.mms/.transaction.SmsReceiver
I/ActivityManager( 1246): Resuming delayed broadcast
I/ActivityManager( 1246): Start proc com.google.android.gm for broadcast com.google.android.gm/.MailIntentReceiver: pid=11179 uid=10062 gids={50062, 3003, 1028, 1015}
I/ActivityManager( 1246): Killing 11154:com.android.mms/u0a19 (adj 11): empty #2
D/CountryDetector( 1246): No listener is left
D/ActivityThread(11179): com.google.android.gm black listed for hwui
D/ActivityThread(11179): Loading provider com.android.gmail.ui: com.google.android.gm.provider.GmailProvider
I/ActivityManager( 1246): Delay finish: com.google.android.gm/.MailIntentReceiver
I/ActivityManager( 1246): Resuming delayed broadcast
I/ActivityManager( 1246): Start proc com.google.android.gms for broadcast com.google.android.gms/.init.InitializeGmsReceiver: pid=11201 uid=10000 gids={50000, 3003, 1007, 1028, 1015, 1006, 2001, 3006, 3007}
I/ActivityManager( 1246): Killing 11179:com.google.android.gm/u0a62 (adj 11): empty #2
I/ActivityManager( 1246): Delay finish: com.google.android.gms/.init.InitializeGmsReceiver
I/ActivityManager( 1246): Resuming delayed broadcast
I/ActivityManager( 1246): Start proc com.android.mms for broadcast com.android.mms/.transaction.SmsReceiver: pid=11221 uid=10019 gids={50019, 3003, 1028, 1015}
I/ActivityManager( 1246): Killing 11201:com.google.android.gms/u0a0 (adj 11): empty #2
D/CountryDetector( 1246): The first listener is added
I/ActivityManager( 1246): Delay finish: com.android.mms/.transaction.SmsReceiver
I/ActivityManager( 1246): Resuming delayed broadcast
I/ActivityManager( 1246): Start proc com.google.android.gm for broadcast com.google.android.gm/.MailIntentReceiver: pid=11246 uid=10062 gids={50062, 3003, 1028, 1015}
I/ActivityManager( 1246): Killing 11221:com.android.mms/u0a19 (adj 11): empty #2
D/ActivityThread(11246): com.google.android.gm black listed for hwui
D/CountryDetector( 1246): No listener is left
D/ActivityThread(11246): Loading provider com.android.gmail.ui: com.google.android.gm.provider.GmailProvider
I/ActivityManager( 1246): Delay finish: com.google.android.gm/.MailIntentReceiver
I/ActivityManager( 1246): Resuming delayed broadcast
I/ActivityManager( 1246): Start proc com.google.android.gms for broadcast com.google.android.gms/.init.InitializeGmsReceiver: pid=11268 uid=10000 gids={50000, 3003, 1007, 1028, 1015, 1006, 2001, 3006, 3007}
I/ActivityManager( 1246): Killing 11246:com.google.android.gm/u0a62 (adj 11): empty #2
I/ActivityManager( 1246): Delay finish: com.google.android.gms/.init.InitializeGmsReceiver
I/ActivityManager( 1246): Resuming delayed broadcast
I/ActivityManager( 1246): Start proc com.android.mms for broadcast com.android.mms/.transaction.SmsReceiver: pid=11288 uid=10019 gids={50019, 3003, 1028, 1015}
I/ActivityManager( 1246): Killing 11268:com.google.android.gms/u0a0 (adj 11): empty #2
D/CountryDetector( 1246): The first listener is added
I/ActivityManager( 1246): Delay finish: com.android.mms/.transaction.SmsReceiver
I/ActivityManager( 1246): Resuming delayed broadcast
I/ActivityManager( 1246): Start proc com.google.android.gm for broadcast com.google.android.gm/.MailIntentReceiver: pid=11313 uid=10062 gids={50062, 3003, 1028, 1015}
I/ActivityManager( 1246): Killing 11288:com.android.mms/u0a19 (adj 11): empty #2
D/ActivityThread(11313): com.google.android.gm black listed for hwui
D/CountryDetector( 1246): No listener is left
D/ActivityThread(11313): Loading provider com.android.gmail.ui: com.google.android.gm.provider.GmailProvider
I/ActivityManager( 1246): Delay finish: com.google.android.gm/.MailIntentReceiver
I/ActivityManager( 1246): Resuming delayed broadcast
I/ActivityManager( 1246): Start proc com.google.android.gms for broadcast com.google.android.gms/.init.InitializeGmsReceiver: pid=11335 uid=10000 gids={50000, 3003, 1007, 1028, 1015, 1006, 2001, 3006, 3007}
I/ActivityManager( 1246): Killing 11313:com.google.android.gm/u0a62 (adj 11): empty #2
I/ActivityManager( 1246): Delay finish: com.google.android.gms/.init.InitializeGmsReceiver
I/ActivityManager( 1246): Resuming delayed broadcast
I/ActivityManager( 1246): Start proc com.android.mms for broadcast com.android.mms/.transaction.SmsReceiver: pid=11355 uid=10019 gids={50019, 3003, 1028, 1015}
I/ActivityManager( 1246): Killing 11335:com.google.android.gms/u0a0 (adj 11): empty #2
D/CountryDetector( 1246): The first listener is added
I/ActivityManager( 1246): Delay finish: com.android.mms/.transaction.SmsReceiver
I/ActivityManager( 1246): Resuming delayed broadcast
I/ActivityManager( 1246): Start proc com.google.android.gm for broadcast com.google.android.gm/.MailIntentReceiver: pid=11380 uid=10062 gids={50062, 3003, 1028, 1015}
I/ActivityManager( 1246): Killing 11355:com.android.mms/u0a19 (adj 11): empty #2
D/CountryDetector( 1246): No listener is left
D/ActivityThread(11380): com.google.android.gm black listed for hwui
D/ActivityThread(11380): Loading provider com.android.gmail.ui: com.google.android.gm.provider.GmailProvider
I/ActivityManager( 1246): Delay finish: com.google.android.gm/.MailIntentReceiver
I/ActivityManager( 1246): Resuming delayed broadcast
I/ActivityManager( 1246): Start proc com.google.android.gms for broadcast com.google.android.gms/.init.InitializeGmsReceiver: pid=11402 uid=10000 gids={50000, 3003, 1007, 1028, 1015, 1006, 2001, 3006, 3007}
I/ActivityManager( 1246): Killing 11380:com.google.android.gm/u0a62 (adj 11): empty #2
I/ActivityManager( 1246): Delay finish: com.google.android.gms/.init.InitializeGmsReceiver
I/ActivityManager( 1246): Resuming delayed broadcast
I/ActivityManager( 1246): Start proc com.android.mms for broadcast com.android.mms/.transaction.SmsReceiver: pid=11422 uid=10019 gids={50019, 3003, 1028, 1015}
I/ActivityManager( 1246): Killing 11402:com.google.android.gms/u0a0 (adj 11): empty #2
D/CountryDetector( 1246): The first listener is added
I/ActivityManager( 1246): Delay finish: com.android.mms/.transaction.SmsReceiver
I/ActivityManager( 1246): Resuming delayed broadcast
I/ActivityManager( 1246): Start proc com.android.deskclock for broadcast com.android.deskclock/com.android.alarmclock.DigitalAppWidgetProvider: pid=11447 uid=10033 gids={50033, 1028, 3003}
I/ActivityManager( 1246): Killing 11422:com.android.mms/u0a19 (adj 11): empty #2
D/CountryDetector( 1246): No listener is left
I/ActivityManager( 1246): Start proc com.google.android.gm for broadcast com.google.android.gm/.MailIntentReceiver: pid=11462 uid=10062 gids={50062, 3003, 1028, 1015}
I/ActivityManager( 1246): Killing 11447:com.android.deskclock/u0a33 (adj 11): empty #2
D/ActivityThread(11462): com.google.android.gm black listed for hwui
D/ActivityThread(11462): Loading provider com.android.gmail.ui: com.google.android.gm.provider.GmailProvider
I/ActivityManager( 1246): Delay finish: com.google.android.gm/.MailIntentReceiver
I/ActivityManager( 1246): Resuming delayed broadcast
I/ActivityManager( 1246): Start proc com.google.android.gms for broadcast com.google.android.gms/.init.InitializeGmsReceiver: pid=11484 uid=10000 gids={50000, 3003, 1007, 1028, 1015, 1006, 2001, 3006, 3007}
I/ActivityManager( 1246): Killing 11462:com.google.android.gm/u0a62 (adj 11): empty #2
I/ActivityManager( 1246): Delay finish: com.google.android.gms/.init.InitializeGmsReceiver
I/ActivityManager( 1246): Resuming delayed broadcast
I/ActivityManager( 1246): Start proc com.android.mms for broadcast com.android.mms/.transaction.SmsReceiver: pid=11504 uid=10019 gids={50019, 3003, 1028, 1015}
I/ActivityManager( 1246): Killing 11484:com.google.android.gms/u0a0 (adj 11): empty #2
D/CountryDetector( 1246): The first listener is added
I/ActivityManager( 1246): Delay finish: com.android.mms/.transaction.SmsReceiver
I/ActivityManager( 1246): Resuming delayed broadcast
I/ActivityManager( 1246): Start proc com.google.android.gm for broadcast com.google.android.gm/.MailIntentReceiver: pid=11529 uid=10062 gids={50062, 3003, 1028, 1015}
I/ActivityManager( 1246): Killing 11504:com.android.mms/u0a19 (adj 11): empty #2
D/ActivityThread(11529): com.google.android.gm black listed for hwui
D/CountryDetector( 1246): No listener is left
D/ActivityThread(11529): Loading provider com.android.gmail.ui: com.google.android.gm.provider.GmailProvider
I/ActivityManager( 1246): Delay finish: com.google.android.gm/.MailIntentReceiver
I/ActivityManager( 1246): Resuming delayed broadcast
I/ActivityManager( 1246): Start proc com.google.android.gms for broadcast com.google.android.gms/.init.InitializeGmsReceiver: pid=11551 uid=10000 gids={50000, 3003, 1007, 1028, 1015, 1006, 2001, 3006, 3007}
I/ActivityManager( 1246): Killing 11529:com.google.android.gm/u0a62 (adj 11): empty #2
I/ActivityManager( 1246): Delay finish: com.google.android.gms/.init.InitializeGmsReceiver
I/ActivityManager( 1246): Resuming delayed broadcast
I/ActivityManager( 1246): Start proc com.android.mms for broadcast com.android.mms/.transaction.SmsReceiver: pid=11571 uid=10019 gids={50019, 3003, 1028, 1015}
I/ActivityManager( 1246): Killing 11551:com.google.android.gms/u0a0 (adj 11): empty #2
D/CountryDetector( 1246): The first listener is added
I/ActivityManager( 1246): Delay finish: com.android.mms/.transaction.SmsReceiver
I/ActivityManager( 1246): Resuming delayed broadcast
I/ActivityManager( 1246): Start proc com.google.android.gm for broadcast com.google.android.gm/.MailIntentReceiver: pid=11596 uid=10062 gids={50062, 3003, 1028, 1015}
I/ActivityManager( 1246): Killing 11571:com.android.mms/u0a19 (adj 11): empty #2
D/ActivityThread(11596): com.google.android.gm black listed for hwui
D/CountryDetector( 1246): No listener is left
D/ActivityThread(11596): Loading provider com.android.gmail.ui: com.google.android.gm.provider.GmailProvider
I/ActivityManager( 1246): Delay finish: com.google.android.gm/.MailIntentReceiver
I/ActivityManager( 1246): Resuming delayed broadcast
I/ActivityManager( 1246): Start proc com.google.android.gms for broadcast com.google.android.gms/.init.InitializeGmsReceiver: pid=11618 uid=10000 gids={50000, 3003, 1007, 1028, 1015, 1006, 2001, 3006, 3007}
I/ActivityManager( 1246): Killing 11596:com.google.android.gm/u0a62 (adj 11): empty #2
I/ActivityManager( 1246): Delay finish: com.google.android.gms/.init.InitializeGmsReceiver
I/ActivityManager( 1246): Resuming delayed broadcast
I/ActivityManager( 1246): Start proc com.android.mms for broadcast com.android.mms/.transaction.SmsReceiver: pid=11638 uid=10019 gids={50019, 3003, 1028, 1015}
I/ActivityManager( 1246): Killing 11618:com.google.android.gms/u0a0 (adj 11): empty #2
D/CountryDetector( 1246): The first listener is added
I/ActivityManager( 1246): Delay finish: com.android.mms/.transaction.SmsReceiver
I/ActivityManager( 1246): Resuming delayed broadcast
I/ActivityManager( 1246): Start proc com.google.android.gm for broadcast com.google.android.gm/.MailIntentReceiver: pid=11663 uid=10062 gids={50062, 3003, 1028, 1015}
I/ActivityManager( 1246): Killing 11638:com.android.mms/u0a19 (adj 11): empty #2
D/ActivityThread(11663): com.google.android.gm black listed for hwui
D/CountryDetector( 1246): No listener is left
D/ActivityThread(11663): Loading provider com.android.gmail.ui: com.google.android.gm.provider.GmailProvider
I/ActivityManager( 1246): Delay finish: com.google.android.gm/.MailIntentReceiver
I/ActivityManager( 1246): Resuming delayed broadcast
I/ActivityManager( 1246): Start proc com.google.android.gms for broadcast com.google.android.gms/.init.InitializeGmsReceiver: pid=11685 uid=10000 gids={50000, 3003, 1007, 1028, 1015, 1006, 2001, 3006, 3007}
I/ActivityManager( 1246): Killing 11663:com.google.android.gm/u0a62 (adj 11): empty #2
I/ActivityManager( 1246): Delay finish: com.google.android.gms/.init.InitializeGmsReceiver
I/ActivityManager( 1246): Resuming delayed broadcast
I/ActivityManager( 1246): Start proc com.android.mms for broadcast com.android.mms/.transaction.SmsReceiver: pid=11705 uid=10019 gids={50019, 3003, 1028, 1015}
I/ActivityManager( 1246): Killing 11685:com.google.android.gms/u0a0 (adj 11): empty #2
D/CountryDetector( 1246): The first listener is added
I/ActivityManager( 1246): Delay finish: com.android.mms/.transaction.SmsReceiver
I/ActivityManager( 1246): Resuming delayed broadcast
I/ActivityManager( 1246): Start proc com.google.android.gm for broadcast com.google.android.gm/.MailIntentReceiver: pid=11730 uid=10062 gids={50062, 3003, 1028, 1015}
I/ActivityManager( 1246): Killing 11705:com.android.mms/u0a19 (adj 11): empty #2
D/ActivityThread(11730): com.google.android.gm black listed for hwui
D/CountryDetector( 1246): No listener is left
D/ActivityThread(11730): Loading provider com.android.gmail.ui: com.google.android.gm.provider.GmailProvider
I/ActivityManager( 1246): Delay finish: com.google.android.gm/.MailIntentReceiver
I/ActivityManager( 1246): Resuming delayed broadcast
I/ActivityManager( 1246): Start proc com.google.android.gms for broadcast com.google.android.gms/.init.InitializeGmsReceiver: pid=11752 uid=10000 gids={50000, 3003, 1007, 1028, 1015, 1006, 2001, 3006, 3007}
I/ActivityManager( 1246): Killing 11730:com.google.android.gm/u0a62 (adj 11): empty #2
I/ActivityManager( 1246): Delay finish: com.google.android.gms/.init.InitializeGmsReceiver
I/ActivityManager( 1246): Resuming delayed broadcast
I/ActivityManager( 1246): Start proc com.android.mms for broadcast com.android.mms/.transaction.SmsReceiver: pid=11772 uid=10019 gids={50019, 3003, 1028, 1015}
I/ActivityManager( 1246): Killing 11752:com.google.android.gms/u0a0 (adj 11): empty #2
D/CountryDetector( 1246): The first listener is added
I/ActivityManager( 1246): Delay finish: com.android.mms/.transaction.SmsReceiver
I/ActivityManager( 1246): Resuming delayed broadcast
I/ActivityManager( 1246): Start proc com.google.android.gm for broadcast com.google.android.gm/.MailIntentReceiver: pid=11797 uid=10062 gids={50062, 3003, 1028, 1015}
I/ActivityManager( 1246): Killing 11772:com.android.mms/u0a19 (adj 11): empty #2
D/ActivityThread(11797): com.google.android.gm black listed for hwui
D/CountryDetector( 1246): No listener is left
D/ActivityThread(11797): Loading provider com.android.gmail.ui: com.google.android.gm.provider.GmailProvider
I/ActivityManager( 1246): Delay finish: com.google.android.gm/.MailIntentReceiver
I/ActivityManager( 1246): Resuming delayed broadcast
